sands digit of 449848?
4
What is the thousands digit of 2665990?
5
What is the hundred thousands digit of 2480280?
4
What is the hundred thousands digit of 10558386?
5
What is the hundred thousands digit of 266242?
2
What is the thousands digit of 26303507?
3
What is the thousands digit of 119339?
9
What is the hundreds digit of 673510?
5
What is the thousands digit of 809983?
9
What is the hundred thousands digit of 1304436?
3
What is the hundred thousands digit of 172550?
1
What is the thousands digit of 2414508?
4
What is the ten thousands digit of 438222?
3
What is the tens digit of 932337?
3
What is the millions digit of 19074055?
9
What is the hundred thousands digit of 3236439?
2
What is the ten thousands digit of 119241?
1
What is the ten thousands digit of 415534?
1
What is the hundred thousands digit of 8538061?
5
What is the ten thousands digit of 12363643?
6
What is the ten thousands digit of 78631?
7
What is the hundreds digit of 4534033?
0
What is the hundreds digit of 54940?
9
What is the hundred thousands digit of 2205319?
2
What is the millions digit of 1629726?
1
What is the hundreds digit of 2566209?
2
What is the hundreds digit of 13010263?
2
What is the hundred thousands digit of 3222395?
2
What is the thousands digit of 141160?
1
What is the tens digit of 8431636?
3
What is the hundreds digit of 21939072?
0
What is the millions digit of 10002832?
0
What is the hundreds digit of 110030?
0
What is the thousands digit of 1413064?
3
What is the ten thousands digit of 5970294?
7
What is the millions digit of 1169639?
1
What is the hundred thousands digit of 1296188?
2
What is the ten thousands digit of 583434?
8
What is the tens digit of 520990?
9
What is the hundred thousands digit of 1029835?
0
What is the hundred thousands digit of 101396?
1
What is the ten millions digit of 12171751?
1
What is the thousands digit of 10501000?
1
What is the hundreds digit of 1068346?
3
What is the ten thousands digit of 2914832?
1
What is the thousands digit of 6187612?
7
What is the hundred thousands digit of 126655?
1
What is the tens digit of 511100?
0
What is the thousands digit of 277834?
7
What is the tens digit of 22187944?
4
What is the tens digit of 5715559?
5
What is the hundred thousands digit of 326405?
3
What is the tens digit of 669848?
4
What is the hundred thousands digit of 18368545?
3
What is the thousands digit of 2344820?
4
What is the thousands digit of 152942?
2
What is the millions digit of 16447753?
6
What is the thousands digit of 22729519?
9
What is the hundred thousands digit of 1216715?
2
What is the units digit of 12175?
5
What is the ten thousands digit of 244491?
4
What is the hundreds digit of 2156716?
7
What is the hundreds digit of 136372?
3
What is the hundreds digit of 5413651?
6
What is the hundred thousands digit of 2842324?
8
What is the thousands digit of 2520710?
0
What is the tens digit of 250948?
4
What is the units digit of 24827593?
3
What is the ten thousands digit of 2982669?
8
What is the tens digit of 859414?
1
What is the tens digit of 713346?
4
What is the hundreds digit of 1135359?
3
What is the units digit of 268777?
7
What is the hundred thousands digit of 1141345?
1
What is the hundreds digit of 25182721?
7
What is the thousands digit of 1300591?
0
What is the tens digit of 213077?
7
What is the ten millions digit of 37865674?
3
What is the hundreds digit of 265122?
1
What is the hundred thousands digit of 1608087?
6
What is the units digit of 937359?
9
What is the ten thousands digit of 2819360?
1
What is the hundreds digit of 569032?
0
What is the thousands digit of 152973?
2
What is the units digit of 35577719?
9
What is the thousands digit of 8352738?
2
What is the units digit of 10487286?
6
What is the thousands digit of 688759?
8
What is the tens digit of 133991?
9
What is the units digit of 236380?
0
What is the ten thousands digit of 21358246?
5
What is the ten thousands digit of 524940?
2
What is the thousands digit of 124962?
4
What is the hundreds digit of 391299?
2
What is the units digit of 253281?
1
What is the tens digit of 913265?
6
What is the tens digit of 32896630?
3
What is the units digit of 9758389?
9
What is the tens digit of 82884?
8
What is the hundreds digit of 18388048?
0
What is the millions digit of 21478029?
1
What is the hundred thousands digit of 13820569?
8
What is the ten thousands digit of 154596?
5
What is the hundred thousands digit of 26343688?
3
What is the ten thousands digit of 547720?
4
What is the thousands digit of 32423?
2
What is the thousands digit of 135103?
5
What is the millions digit of 2900548?
2
What is the hundred thousands digit of 1020781?
0
What is the units digit of 9805?
5
What is the millions digit of 1692057?
1
What is the units digit of 1362926?
6
What is the tens digit of 332589?
8
What is the thousands digit of 11576245?
6
What is the millions digit of 3040794?
3
What is the hundred thousands digit of 139127?
1
What is the millions digit of 13005910?
3
What is the hundreds digit of 390114?
1
What is the ten thousands digit of 234967?
3
What is the hundred thousands digit of 159139?
1
What is the hundred thousands digit of 336880?
3
What is the tens digit of 826152?
5
What is the hundred thousands digit of 7440024?
4
What is the hundred thousands digit of 163331?
1
What is the ten thousands digit of 794454?
9
What is the ten thousands digit of 858174?
5
What is the hundred thousands digit of 631438?
6
What is the hundreds digit of 6356098?
0
What is the tens digit of 267477?
7
What is the thousands digit of 3949521?
9
What is the units digit of 7855561?
1
What is the ten thousands digit of 2784779?
8
What is the thousands digit of 77772?
7
What is the units digit of 1587?
7
What is the hundred thousands digit of 305269?
3
What is the tens digit of 1023077?
7
What is the tens digit of 900352?
5
What is the hundred thousands digit of 6518491?
5
What is the tens digit of 112354?
5
What is the ten thousands digit of 843040?
4
What is the ten thousands digit of 1223237?
2
What is the units digit of 8278?
8
What is the units digit of 133134?
4
What is the tens digit of 551558?
5
What is the thousands digit of 2194227?
4
What is the units digit of 1078875?
5
What is the thousands digit of 3840085?
0
What is the tens digit of 201323?
2
What is the millions digit of 5534234?
5
What is the hundreds digit of 273159?
1
What is the millions digit of 25909829?
5
What is the hundred thousands digit of 965868?
9
What is the ten thousands digit of 34836912?
3
What is the hundreds digit of 214534?
5
What is the hundreds digit of 175171?
1
What is the ten thousands digit of 311530?
1
What is the hundreds digit of 1144229?
2
What is the tens digit of 2883252?
5
What is the hundred thousands digit of 26873117?
8
What is the tens digit of 389022?
2
What is the thousands digit of 30499580?
9
What is the ten thousands digit of 826030?
2
What is the thousands digit of 892009?
2
What is the hundred thousands digit of 124982?
1
What is the ten thousands digit of 289838?
8
What is the ten thousands digit of 37453?
3
What is the hundred thousands digit of 4168530?
1
What is the hundreds digit of 3129181?
1
What is the ten thousands digit of 18282100?
8
What is the thousands digit of 21876358?
6
What is the units digit of 213?
3
What is the units digit of 396346?
6
What is the tens digit of 764889?
8
What is the millions digit of 9518985?
9
What is the tens digit of 227231?
3
What is the tens digit of 638692?
9
What is the units digit of 2335415?
5
What is the tens digit of 145397?
9
What is the ten thousands digit of 4346758?
4
What is the thousands digit of 3243052?
3
What is the thousands digit of 45776?
5
What is the ten thousands digit of 104717?
0
What is the tens digit of 7882360?
6
What is the tens digit of 5055302?
0
What is the ten thousands digit of 272207?
7
What is the hundred thousands digit of 23341468?
3
What is the thousands digit of 2502687?
2
What is the hundreds digit of 582076?
0
What is the units digit of 86478?
8
What is the tens digit of 144055?
5
What is the hundreds digit of 81360?
3
What is the ten thousands digit of 669707?
6
What is the hundred thousands digit of 152710?
1
What is the units digit of 7659666?
6
What is th